 multiple of 8?
True
Is 86931 a multiple of 22?
False
Is 741 a multiple of 13?
True
Is 326 a factor of 2782178?
False
Is 557778 a multiple of 13?
True
Does 2205 divide 3408930?
True
Does 354 divide 513953?
False
Does 431 divide 1909333?
False
Does 11 divide 66105?
False
Does 24 divide 1116168?
True
Does 4 divide 310569?
False
Does 2262 divide 18913005?
False
Does 19 divide 41389?
False
Is 44 a factor of 2550?
False
Is 446031 a multiple of 9?
True
Is 348192 a multiple of 24?
True
Is 6089194 a multiple of 42?
False
Is 191 a factor of 3688571?
False
Is 13 a factor of 668296?
False
Does 11 divide 14522272?
False
Does 225 divide 77706?
False
Is 28 a factor of 1918672?
True
Is 111 a factor of 6438?
True
Is 29059 a multiple of 64?
False
Is 162744 a multiple of 24?
True
Is 24460 a multiple of 4?
True
Does 1798 divide 8696926?
True
Is 17 a factor of 578901?
True
Does 240 divide 159474?
False
Does 7 divide 636477?
False
Is 125 a factor of 11375?
True
Is 353418 a multiple of 28?
False
Is 877 a factor of 1404970?
False
Is 9684 a multiple of 18?
True
Does 36 divide 2417221?
False
Is 6058245 a multiple of 435?
True
Does 226 divide 7410992?
True
Is 888060 a multiple of 285?
True
Does 4 divide 4034?
False
Does 130 divide 402046?
False
Is 2989637 a multiple of 7?
True
Does 14 divide 2649220?
True
Is 2610811 a multiple of 17?
False
Does 1418 divide 18293618?
True
Is 997030 a multiple of 17?
False
Is 26 a factor of 4364021?
False
Is 6416 a multiple of 15?
False
Is 429011 a multiple of 43?
True
Is 96 a factor of 107738?
False
Does 45 divide 2896335?
True
Is 642858 a multiple of 52?
False
Does 5 divide 65433?
False
Does 3 divide 34755?
True
Is 1241600 a multiple of 400?
True
Is 64 a factor of 2064256?
True
Is 1890 a factor of 17687?
False
Is 346 a factor of 155700?
True
Is 22 a factor of 2055643?
False
Is 490 a factor of 3035131?
False
Is 157 a factor of 1035106?
False
Is 217 a factor of 75580?
False
Is 6353 a multiple of 16?
False
Is 168777 a multiple of 47?
True
Does 406 divide 5443648?
True
Is 598 a factor of 1292278?
True
Does 12 divide 3842364?
True
Does 47 divide 381696?
False
Is 138 a factor of 39330?
True
Does 187 divide 424524?
False
Is 3 a factor of 608732?
False
Is 1949096 a multiple of 8?
True
Is 1181842 a multiple of 14?
False
Is 1170 a factor of 3228299?
False
Is 33092 even?
True
Is 29 a factor of 1837500?
False
Is 11500135 a multiple of 13?
False
Is 2230242 a multiple of 3?
True
Does 176 divide 1477520?
True
Is 181681 a multiple of 41?
False
Is 3209805 a multiple of 15?
True
Is 66 a factor of 25303570?
False
Is 7748510 a multiple of 595?
False
Is 17 a factor of 22391312?
True
Does 8 divide 9331817?
False
Does 62 divide 4140546?
True
Does 42 divide 48552?
True
Is 82 a factor of 66912?
True
Is 719 a factor of 1340559?
False
Does 3 divide 305706?
True
Is 5927 a multiple of 42?
False
Does 19 divide 891898?
True
Is 1792611 a multiple of 243?
True
Is 29870 a multiple of 10?
True
Is 16 a factor of 18011568?
True
Does 33 divide 859221?
True
Is 22219022 a multiple of 153?
False
Does 12 divide 2593104?
True
Is 7 a factor of 1129016?
True
Does 34 divide 1902232?
True
Does 5 divide 1129373?
False
Is 13062861 a multiple of 133?
True
Does 13 divide 349638?
False
Does 84 divide 676860?
False
Does 4 divide 43447?
False
Does 56 divide 6845720?
True
Does 51 divide 691980?
False
Is 693313 a multiple of 348?
False
Is 158 a factor of 44283?
False
Does 54 divide 194261?
False
Is 8 a factor of 92490?
False
Is 94572 a multiple of 222?
True
Does 628 divide 2197880?
False
Is 43 a factor of 1056983?
True
Does 2 divide 12805?
False
Is 10 a factor of 165370?
True
Does 521 divide 13609716?
False
Is 12 a factor of 473808?
True
Is 10771184 a multiple of 796?
False
Is 38 a factor of 900998?
False
Is 12 a factor of 247776?
True
Is 673 a factor of 2396553?
True
Does 216 divide 1051704?
True
Is 64791 a multiple of 23?
True
Is 26488 a multiple of 88?
True
Is 4 a factor of 266612?
True
Is 624 a multiple of 16?
True
Does 12 divide 1638180?
True
Is 2 a factor of 383786?
True
Does 62 divide 87526?
False
Does 194 divide 4797794?
False
Does 25 divide 2435110?
False
Is 148 a factor of 370948?
False
Does 73 divide 147971?
True
Is 29 a factor of 54708?
False
Is 2973212 a multiple of 22?
True
Is 20 a factor of 138540?
True
Does 15 divide 108632?
False
Does 735 divide 255780?
True
Is 4229675 a multiple of 5?
True
Is 857198 a multiple of 15?
False
Is 15 a factor of 35400?
True
Is 151 a factor of 1028008?
True
Is 13639 a multiple of 7?
False
Does 51 divide 359419?
False
Is 34 a factor of 2660432?
True
Is 54 a factor of 2379?
False
Is 3121 a multiple of 10?
False
Does 35 divide 32235?
True
Is 74 a factor of 4271447?
False
Is 84150 a multiple of 75?
True
Is 49748 even?
True
Is 103127 a multiple of 367?
True
Is 1029050 a multiple of 4?
False
Does 17 divide 3440358?
True
Does 74 divide 4595440?
False
Is 99 a factor of 503019?
True
Does 52 divide 311116?
True
Is 154542 a multiple of 43?
True
Does 5 divide 1858070?
True
Is 981 a factor of 216723?
False
Is 11 a factor of 385406?
False
Is 555102 a multiple of 18?
True
Is 55872 a multiple of 113?
False
Is 6686955 a multiple of 891?
True
Does 4 divide 35432?
True
Is 358 a factor of 887124?
True
Is 237530 even?
True
Does 8 divide 307096?
True
Is 67777 a multiple of 20?
False
Is 27 a factor of 407997?
True
Is 102399 a multiple of 107?
True
Is 99973 a multiple of 20?
False
Is 91319 a multiple of 4?
False
Is 25 a factor of 111825?
True
Is 44 a factor of 49157?
False
Does 12 divide 908032?
False
Is 145572 a multiple of 31?
False
Does 55 divide 1147894?
False
Is 144134 a multiple of 23?
False
Does 34 divide 133212?
True
Is 22 a factor of 221034?
True
Is 277 a factor of 97988?
False
Is 16 a factor of 77312?
True
Does 12 divide 111816?
True
Does 11 divide 15894934?
True
Is 15160275 a multiple of 975?
True
Is 50 a factor of 442908?
False
Does 48 divide 1127280?
True
Is 32 a factor of 6496?
True
Does 53 divide 1211440?
False
Does 14 divide 16526?
False
Does 19 divide 128041?
True
Does 11 divide 250475?
False
Is 23813633 a multiple of 11?
False
Is 4533768 a multiple of 18?
True
Is 63 a factor of 116991?
True
Is 6129927 a multiple of 57?
False
Is 232 a factor of 1498399?
False
Does 15 divide 52158?
False
Is 551 a factor of 583147?
False
Does 41 divide 97949?
True
Is 6698052 a multiple of 324?
True
Is 61376 a multiple of 137?
True
Is 169 a factor of 18889637?
True
Is 148 a factor of 11100?
True
Is 344046 a multiple of 6?
True
Does 29 divide 25492?
False
Does 20 divide 70320?
True
Does 13 divide 1227079?
False
Is 454248 a multiple of 98?
False
Does 112 divide 7932624?
True
Is 266 a factor of 594244?
True
Does 34 divide 4513149?
False
Is 121777 a multiple of 9?
False
Does 11 divide 2944110?
False
Is 194983 a multiple of 4?
False
Is 16 a factor of 2384640?
True
Is 637689 a multiple of 591?
True
Is 4 a factor of 16551?
False
Does 360 divide 365400?
True
Does 25 divide 2682353?
False
Is 73626 a multiple of 21?
True
Is 118658 a multiple of 39?
False
Is 4341631 a multiple of 255?
False
Is 18 a factor of 6613470?
True
Does 53 divide 766022?
False
Is 4148204 a multiple of 34?
True
Is 4614041 a multiple of 12?
False
Is 3402152 a multiple of 13?
True
Does 8 divide 34488?
True
Is 239 a factor of 402919?
False
Does 1083 divide 2615870?
False
Is 46797 a multiple of 34?
False
Is 267 a factor of 482736?
True
Is 5 a factor of 39011?
False
Is 594 a factor of 1522987?
False
Does 99 divide 314028?
True
Is 87 a factor of 84651?
True
Is 111752 a multiple of 84?
False
Is 3476160 a multiple of 360?
True
Is 477 a factor of 1952025?
False
Is 4 a factor of 1051652?
True
Is 61055 a multiple of 7?
False
Does 156 divide 396176?
False
Does 21 divide 5483199?
False
Is 112 a factor of 3193232?
True
Does 20 divide 20782?
False
Does 649 divide 3754996?
False
Is 32 a factor of 2111925?
False
Does 276 divide 2462748?
True
Is 1690488 a multiple of 18?
True
Does 4 divide 3973108?
True
Is 6707742 a multiple of 43?
True
Is 2899883 a multiple of 340?
False
Is 7 a factor of 5598809?
False
Is 13 a factor of 7242482?
True
Is 1138698 a multiple of 198?
True
Is 33 a factor of 2652957?
False
Is 93 a factor of 1084155?
False
Does 35 divide 342553?
False
Is 25 a factor of 143425?
True
Is 287928 a multiple of 72?
Tr